 base 10, what is 10 + -6?
4
In base 8, what is 47 + -4210?
-4141
In base 2, what is -11110101010 + -11011?
-11111000101
In base 9, what is -502 + 1048?
446
In base 15, what is 0 - bc12?
-bc12
In base 13, what is 2 - -229962?
229964
In base 11, what is 4 - -837901?
837905
In base 3, what is 1022221 + 1120?
1101111
In base 9, what is -146 + 1614?
1457
In base 3, what is -1 + 120210101001?
120210101000
In base 8, what is 116031 + 4?
116035
In base 13, what is -3 + 2b54ba?
2b54b7
In base 16, what is 27 - -8040?
8067
In base 7, what is -202561 - 4?
-202565
In base 2, what is -111000111011111 - 110100?
-111001000010011
In base 4, what is -10002 - -1120322?
1110320
In base 3, what is 2121202200 + -1?
2121202122
In base 10, what is -5 - -21704?
21699
In base 10, what is 86 + 381?
467
In base 12, what is 0 - 46b683?
-46b683
In base 11, what is -1 + -38617?
-38618
In base 6, what is 1521300 - 1?
1521255
In base 15, what is 269 - -90?
309
In base 3, what is -10011220 - -2201011?
-110202
In base 12, what is 2 - 151a24?
-151a22
In base 13, what is 6 + 32276?
3227c
In base 14, what is -41c11 + 3?
-41c0c
In base 11, what is -9a31 + -7?
-9a38
In base 14, what is -307a3 - -3?
-307a0
In base 11, what is -1a + 70a?
6a0
In base 8, what is -554300 + -2?
-554302
In base 6, what is -1213501 - -35?
-1213422
In base 7, what is -3 - 65226?
-65232
In base 4, what is -11033102 - -3?
-11033033
In base 14, what is -2b9 + 2c?
-28b
In base 13, what is 0 - 42a6?
-42a6
In base 3, what is -10210 - -1121212?
1111002
In base 13, what is -281a3 + -5?
-281a8
In base 3, what is 102000110 + 1102?
102001212
In base 13, what is 5 + -3b784?
-3b77c
In base 10, what is -18645 - 1?
-18646
In base 10, what is -95 + -88?
-183
In base 9, what is -2 + -108605?
-108607
In base 12, what is -1 + 79707?
79706
In base 14, what is -11bc7 - 3?
-11bca
In base 11, what is 2132 + 160?
2292
In base 2, what is 101 + 1010001110001101?
1010001110010010
In base 2, what is -1010001000 + 111100001?
-10100111
In base 9, what is -701548 - -6?
-701542
In base 15, what is 2b3 - -30?
2e3
In base 11, what is -1585 + -44?
-1619
In base 2, what is 10 - -101110001100011?
101110001100101
In base 8, what is 2777 - 26?
2751
In base 5, what is -214343 - 120?
-220013
In base 6, what is 3403 + -15431?
-12024
In base 13, what is 2641 - b?
2633
In base 15, what is -11 - -117?
106
In base 15, what is -2 - -81a3?
81a1
In base 12, what is 4 - -5b37?
5b3b
In base 7, what is 2555 + -6?
2546
In base 11, what is -876 - -84?
-7a2
In base 8, what is 4 + -124?
-120
In base 10, what is -258305 + 5?
-258300
In base 10, what is -109 - 36?
-145
In base 15, what is -39 + 44e?
415
In base 9, what is 0 - 22718?
-22718
In base 2, what is -1 - 1010001110000?
-1010001110001
In base 9, what is 85201 - 5?
85185
In base 16, what is -80 + -f43d?
-f4bd
In base 9, what is -10 - 6667?
-6677
In base 13, what is 967 - -28?
992
In base 2, what is 11110010011110100 + 11010?
11110010100001110
In base 10, what is 17 - -5453?
5470
In base 4, what is -1310102 - -12?
-1310030
In base 7, what is -16 - 6644?
-6663
In base 14, what is 1ab + 884?
a51
In base 10, what is -7 + 8965?
8958
In base 4, what is 11 - 333?
-322
In base 8, what is 56 - 4531?
-4453
In base 9, what is 4 + 525537?
525542
In base 9, what is -130332 + 1?
-130331
In base 6, what is 1 + 4514321?
4514322
In base 12, what is 2 + -59a1?
-599b
In base 3, what is 11 - 20111222?
-20111211
In base 3, what is 11 - -120200200?
120200211
In base 16, what is -38e1 + -1?
-38e2
In base 11, what is 19 + 1012?
1030
In base 3, what is 1101220 + -212?
1101001
In base 12, what is -286 - -2a58?
2792
In base 12, what is 1b4374 - -1?
1b4375
In base 10, what is -8090 + -16?
-8106
In base 16, what is -4a0 + -22?
-4c2
In base 2, what is -110110 + -10111011011?
-11000010001
In base 6, what is 20144 - -134?
20322
In base 9, what is -100882 - -1?
-100881
In base 15, what is -34740 + 5?
-3473a
In base 14, what is 22 + -b62c?
-b60a
In base 3, what is -12200 + 10112?
-2011
In base 5, what is -14344 + -230?
-20124
In base 12, what is 4 - -121a3?
121a7
In base 14, what is -3 + -db30?
-db33
In base 3, what is -21 + -11101121202?
-11101122000
In base 2, what is 0 + -100010101011100100?
-100010101011100100
In base 11, what is a9 + 2a9?
3a7
In base 2, what is -1111100 + 111000001101?
110110010001
In base 6, what is -20 + 23504?
23444
In base 2, what is 11 - -1000000101100?
1000000101111
In base 7, what is -1264 - 3034?
-4331
In base 5, what is -4344 - -1?
-4343
In base 7, what is -2 - 16163?
-16165
In base 7, what is -4 + -3100006?
-3100013
In base 16, what is 10c - -111?
21d
In base 8, what is -1054 - 65?
-1141
In base 8, what is 10 - -144077?
144107
In base 11, what is 588 - -347?
924
In base 10, what is -4 - 212549?
-212553
In base 3, what is 1001202202011 + -120?
1001202201121
In base 15, what is -4b + 672?
626
In base 6, what is 5 + -130335?
-130330
In base 13, what is 3715 - 40?
36a5
In base 4, what is -2200120 - 312?
-2201032
In base 13, what is 828 + -1?
827
In base 9, what is 1 + -775143?
-775142
In base 3, what is 1 - -10010221?
10010222
In base 8, what is 1415 - 0?
1415
In base 11, what is -12 + 1055?
1043
In base 7, what is -3 - -13054633?
13054630
In base 14, what is -114 + -11?
-125
In base 15, what is 19 - -1459?
1473
In base 4, what is 1 + 110320133?
110320200
In base 5, what is -21 + 103013?
102442
In base 3, what is -2 - 201020111?
-201020120
In base 15, what is 200c + -a2?
1e5a
In base 7, what is 33305 + 1023?
34331
In base 3, what is -1101020000 - 0?
-1101020000
In base 16, what is -d7c + -15?
-d91
In base 3, what is -110202 - 22110?
-210012
In base 16, what is -38b + 3?
-388
In base 14, what is -1700a9 - -1?
-1700a8
In base 5, what is 114 + 1341?
2010
In base 11, what is -3 + -a0884?
-a0887
In base 11, what is -3 + 1343a?
13437
In base 6, what is 3 + -301042?
-301035
In base 12, what is 81837 + -2?
81835
In base 11, what is -1 - 76595?
-76596
In base 6, what is -231354 - 2?
-231400
In base 14, what is 16dd + -1?
16dc
In base 2, what is -1011011 + 1100000100101110?
1100000011010011
In base 13, what is -bb35 + 5?
-bb30
In base 5, what is -100 + 1414?
1314
In base 10, what is 13 - -6904?
6917
In base 6, what is 4 + -2104050?
-2104042
In base 11, what is -748215 - -1?
-748214
In base 11, what is -21 + -16762?
-16783
In base 14, what is 1837c6 + -6?
1837c0
In base 4, what is 0 - 101012?
-101012
In base 14, what is -26cc2 + 10?
-26cb2
In base 5, what is 24323032 - -1?
24323033
In base 9, what is -47 + -581?
-638
In base 9, what is 7 + -8371?
-8363
In base 4, what is 113 + 1332023?
1332202
In base 7, what is -2 + -1431?
-1433
In base 5, what is 123433 - 1433?
122000
In base 14, what is 17 - 571d?
-5706
In base 5, what is -4241 - -20231?
10440
In base 7, what is -20 - -55413?
55363
In base 13, what is b8 + 5b?
146
In base 16, what is 3 - -123a?
123d
In base 8, what is -50743 - 10?
-50753
In base 5, what is 13421024 - 23?
13421001
In base 13, what is -6 + 41087?
41081
In base 12, what is 133 - 637?
-504
In base 7, what is -51 - 6401?
-6452
In base 3, what is 1102 - -2010101210?
2010110012
In base 5, what is 12 + 144014?
144031
In base 9, what is 65575 - -1?
65576
In base 6, what is 3114 + 5555?
13113
In base 14, what is -338c + a3?
-32c9
In base 8, what is -133437 + 3?
-133434
In base 7, what is -115516 - -1?
-115515
In base 14, what is -c7 + 33a?
253
In base 7, what is 25143 - 1261?
23552
In base 11, what is 1 + -1367aa?
-1367a9
In base 16, what is 1de9 + -4f?
1d9a
In base 4, what is -333020 - 30233?
-1023313
In base 7, what is -511 - -164?
-314
In base 7, what is 230 - -165104?
165334
In base 3, what is 21 - -1202101?
1202122
In base 2, what is 10000 - -10010000100?
10010010100
In base 16, what is -19 - -8f6?
8dd
In base 14, what is -16 - 2699?
-26b1
In base 11, what is 1a03 - 10?
19a3
In base 2, what is 1000001001001 - -1000?
1000001010001
In base 4, what is 13110001 + -1132?
13102203
In base 8, what is 111 - 247?
-136
In base 9, what is 2 - 373880?
-373877
In base 4, what is -101221111 - 111?
-101221222
In base 12, what is 73 - -48b1?
4964
In base 9, what is 25314 - 3?
25311
In base 8, what is 5 - 3151420?
-3151413
In base 5, what is -314 + 1213222?
1212403
In base 3, what is -2 - -120102211?
120102202
In base 5,